+ 24. Let q be d(-7). Calculate the remainder when 39 is divided by q/(-18) - ((-194)/18 - 0).
6
Let g = -872 - -927. What is the remainder when g is divided by 20?
15
Let k = -559 + 573. What is the remainder when 445 is divided by k?
11
Suppose -s = -z + 22, -s + 4*s + 12 = 0. What is the remainder when 89 is divided by z?
17
Suppose -32*c - 67*c + 1089 = 0. What is the remainder when 182 is divided by c?
6
Let v = -1129 + 1134. Let w be (-2)/(-9) - (-183)/27. Suppose w*o = 4*o + 9. What is the remainder when v is divided by o?
2
Suppose 0 = 10*l + 2 - 2. Calculate the remainder when 126 is divided by -5 - l - (-42 - -5).
30
Let d = 3 - -1. What is the remainder when 1406/30 - 14/(-105) is divided by 13 + -3*d/12?
11
Suppose -109 = -3*o - 4. Let k be -3*18*10/(-15). Suppose 3*z - k = z. Calculate the remainder when o is divided by z.
17
Suppose -m - 8*m = -297. Calculate the remainder when m is divided by 7.
5
Calculate the remainder when 6/10 + -1 - (-84474)/285 is divided by 60.
56
Let x(p) = -30*p + 1. Suppose 48 = -2*h + 40. What is the remainder when x(h) is divided by 1/(243/(-123) - -2)?
39
Let s be (-24)/156 + 4/26. Suppose s = 2*v - 3*f - 85, 28 - 183 = -5*v - 4*f. Let w = 104 + -2. Calculate the remainder when w is divided by v.
32
Let q = -707 + 749. What is the remainder when 49 is divided by q?
7
Suppose -4*k - 13 = 7. Calculate the remainder when 119 is divided by (-1)/(k + (-462)/(-93)).
26
Suppose -s = -5*s + 284. Suppose -12*f + 17*f - 450 = 0. Suppose 2*h + f = 7*h - v, -3*h + 4*v = -37. Calculate the remainder when s is divided by h.
14
Let l(u) = 5*u**2 + 2. Calculate the remainder when 1257 is divided by l(-1).
4
Let j(k) = 28*k - 143. Suppose -x - 4*t + 2 = -27, -3*x + 12 = -3*t. What is the remainder when j(6) is divided by x?
7
Suppose 15*k - 5*w - 41 = 12*k, -5*w = -k + 7. Calculate the remainder when (-3)/((-18)/22)*9 is divided by k.
16
Suppose 6*n - 3*n = -c - 36, -5*c = 5*n + 60. Let q = n + -21. What is the remainder when 42 is divided by ((-8)/(-12))/((-2)/q)?
9
Let r = -767 + 1068. Calculate the remainder when r is divided by 63.
49
Suppose 0 = -4*y - i + 123, y + 6 = -3*i + 23. Suppose -2*k = -l + 2*l + 6, -4*l - 4*k = y. Calculate the remainder when 15 is divided by (15/30)/((-1)/l).
0
Suppose -5*p = -u - 0*p - 8, -3*u - 24 = p. Let m(f) = -7*f - 36. Calculate the remainder when 57 is divided by m(u).
17
Suppose 3 - 31 = -2*q. Suppose -1 = -o - 0. Let k(m) = 7*m**2 - 2*m. Calculate the remainder when q is divided by k(o).
4
Let n = -3 + 47. Calculate the remainder when n is divided by 4 + 2/20 + (-36)/(-40).
4
Let w be (4/2)/((-2)/(-4)). Let f be (7/2)/(w/(-8)). Calculate the remainder when f/((-21)/144) + -2 is divided by 12.
10
Let t(u) = -u**2 + 11*u - 16. Let m be t(9). Let s = 5 - 3. Suppose 0 = -m*w - 3*p + 153, w - 75 = -p - s*p. Calculate the remainder when w is divided by 20.
18
Suppose 3*g = -x + 2*x + 163, x - 2 = 0. Let v be 0 + (-9)/3*-1. Suppose -v*z + 26 = -z - 2*b, -5*z = -4*b - 66. Calculate the remainder when g is divided by z.
13
Suppose 3*p = 5*z - 95, -11*p = -4*z - 15*p + 76. Calculate the remainder when 529 is divided by z.
16
Suppose 1375 = 9*h + 448. Calculate the remainder when h is divided by 21.
19
Let s be (18/(-10))/(3/(-15)). Let f = 14 - s. Suppose -9 = 2*q - f*q. Calculate the remainder when 5 is divided by q.
2
Suppose p = 4*p - 3*m + 9, 0 = -4*p + 2*m - 8. Let k = 9 + p. Calculate the remainder when k is divided by 6.
2
Suppose -w + 0 = 2, 2*u - 3*w = 12. Suppose -a + 5*p + 9 = -u*a, 0 = -4*a - 5*p - 3. Let j = -216 + 227. Calculate the remainder when j is divided by a.
2
Let y(h) = -h**2 + 17*h - 7. Let b(i) = -i**3 + 6*i**2 + 3*i - 3. Let p be b(6). Calculate the remainder when 44 is divided by y(p).
21
Let u = -137 - -155. Calculate the remainder when 59 is divided by u.
5
Let u(h) = -2*h + 2. Suppose -2*l + 4*l = 3*x - 11, -l - 3 = x. Calculate the remainder when u(l) is divided by 4.
2
Suppose -4*o + 8*s - 5*s = -224, 4*o - 244 = -2*s. Suppose -5*k - d = d - 142, 3*d - o = -2*k. Calculate the remainder when 82 is divided by k.
26
Let f be ((-15)/(-9))/(9/27). Suppose -f*n - 25 = -10*n. Calculate the remainder when 21 is divided by n.
1
Let k be (10/(-25))/(2/(-10)). Suppose -h + k = -2*h. Calculate the remainder when 19 is divided by (-3)/h*(-294)/(-63).
5
Suppose -5*g - 3*p = -38, 0*p = -5*g + 5*p + 30. Suppose q + 24 = g*q. Let m(f) = f**2 - 2*f. What is the remainder when 22 is divided by m(q)?
6
Suppose -52*x + 1966 - 250 = 0. Calculate the remainder when 237 is divided by x.
6
Let v = -28 + 19. Let z be 0 + (-4 - -2) - -18. Let s = z + v. Calculate the remainder when 13 is divided by s.
6
Let m = -397 + 430. What is the remainder when 126 is divided by m?
27
Let s(h) = 8*h + 34. What is the remainder when s(-2) is divided by 10?
8
Let n(d) = -5 + 9*d**2 + 12*d - 10 + 0*d**3 - d**3. What is the remainder when n(10) is divided by 4?
1
Calculate the remainder when 130 is divided by 232/(-6)*((-135)/(-6))/(-15).
14
Calculate the remainder when 272/3 - 2/(-6) is divided by 13.
0
Let z(g) = -1 + 2*g**3 - 2*g + 6*g**2 + 5*g - g + 0*g. Suppose 4*c + 4*d = -0*d, -4*d = -5*c + 36. Calculate the remainder when c is divided by z(-2).
1
Let o(l) = 7*l + 2. Let m be o(-2). Let n be 244/8 + m/(-8). Suppose -n = -4*y + 208. Calculate the remainder when y is divided by 21.
18
Suppose -2*g + g - 2*d + 55 = 0, -3*d = -6. What is the remainder when g is divided by (-2)/((-20)/(-15)) + (-110)/(-4)?
25
Suppose j = 3*u + 9, 0 = 3*j - u + 3*u - 38. Let g = 33 + -25. Calculate the remainder when j is divided by g.
4
Let g = 1279 - 1219. What is the remainder when 365 is divided by g?
5
Let h(t) = 5 - 2 - 2 - 2*t. Let n be h(-3). Suppose 4*p + n - 43 = 0. What is the remainder when 25 is divided by p?
7
Let b = 1291 - 1279. Calculate the remainder when 211 is divided by b.
7
Let k be 34/(-51) + (-68)/6. Let c be (8/5)/((-2)/(-20)). Let b = c + k. What is the remainder when 21 is divided by b?
1
Let u(a) = 5*a + 13. Let w be u(11). Calculate the remainder when ((-62)/(-3))/(22/33) is divided by (-3)/2*w/(-6).
14
Suppose 101 = 5*i - 34. Suppose -i = 5*z - 97. What is the remainder when z is divided by 5?
4
Let h = 348 - 322. What is the remainder when 40 is divided by h?
14
Suppose 2*n - 35 - 7 = 0. Suppose 5*f - 4*z - 315 = 0, 4*f + 4*z - 5*z = 241. What is the remainder when f is divided by n?
17
Let c = 22 - 5. Suppose -4*b = -6*b. Suppose b = 12*z - 499 - 77. Calculate the remainder when z is divided by c.
14
Let d(y) = 18*y. Let u be -5 + 1 - (-14 - -2). What is the remainder when d(u) is divided by 29?
28
Let a = 113 - 59. Let h = -27 - 6. Let u = h + a. Calculate the remainder when 62 is divided by u.
20
Suppose 60*k - 1799 = 661. What is the remainder when 734 is divided by k?
37
Calculate the remainder when 97 is divided by (-3)/8 + (3735/40)/9.
7
Let r be (-34 + 4)*7/(-21). Let q = r - -26. Calculate the remainder when 140 is divided by q.
32
Let i = -31 + 76. Calculate the remainder when (43/((-602)/2436))/(-2*1) is divided by i.
42
Suppose 3*p - 10*m - 208 = -9*m, -2*p = -m - 138. What is the remainder when p is divided by 36?
34
Let w(m) = m**3 + 3*m**2 - 2*m - 1. Let b be w(-3). Suppose -120 = -2*k + i, -k - 4*i + b = -55. What is the remainder when k is divided by 32?
28
Suppose 23 = -z + 28. Suppose 2*y - 25 = -2*y - b, 3*b - z = 2*y. Suppose -5*k = y*o - k - 51, -3*o - k = -25. What is the remainder when 27 is divided by o?
6
Let q(b) = -19*b - 7. Calculate the remainder when (1 + -6)/(-15)*99 is divided by q(-1).
9
Suppose -4*w - 14*h + 63 = -17*h, 0 = -5*h - 5. Calculate the remainder when 477 is divided by w.
12
Let r = -244 - -346. Suppose y + 26 = 2*y + 3*h, 2*y = -5*h + 55. What is the remainder when r is divided by y?
32
Let q be -285 - 0 - (-9 + 6 - 1). Let n = -193 - q. Let g = 7 - -11. What is the remainder when n is divided by g?
16
Suppose 50*w - 27*w = 1311. Calculate the remainder when 221 is divided by w.
50
Let x = -13 - -19. Suppose p - x*p = -275. Calculate the remainder when p is divided by 14.
13
Suppose 8*d = -130 + 938. Calculate the remainder when d is divided by 26.
23
Suppose 0 = -0*j - j + 3. Suppose 2*h = -j + 59. Let t(o) = -25*o - 60. What i